est common divisor of 9488 and 4289762.
1186
Calculate the highest common factor of 856375 and 7967.
31
What is the greatest common divisor of 563712 and 111201?
1101
What is the greatest common divisor of 136137 and 879958?
1973
Calculate the highest common factor of 79478599 and 97.
97
Calculate the highest common divisor of 13314 and 37044.
42
Calculate the highest common divisor of 90018 and 5196039.
5001
Calculate the greatest common factor of 160 and 15216680.
40
What is the greatest common divisor of 176767083 and 459?
27
What is the greatest common divisor of 2852 and 27195844?
92
Calculate the greatest common divisor of 6639330 and 11700.
30
Calculate the highest common divisor of 1186925 and 289590.
985
Calculate the highest common divisor of 68 and 443778200.
68
Calculate the greatest common divisor of 18904 and 202317697.
2363
What is the highest common factor of 63195249 and 78?
39
What is the highest common divisor of 261953 and 8683?
19
Calculate the highest common factor of 463 and 114916600.
463
What is the greatest common divisor of 19046 and 6279188?
214
What is the highest common divisor of 1215 and 23031?
27
Calculate the greatest common factor of 583 and 5158043.
11
What is the highest common factor of 10479840 and 48720?
1680
Calculate the highest common factor of 131 and 20696821.
131
Calculate the greatest common divisor of 95515 and 8015.
35
Calculate the greatest common divisor of 40727 and 481496.
139
Calculate the highest common divisor of 133328082 and 1062.
354
What is the highest common divisor of 1095 and 41759869?
73
Calculate the highest common factor of 4867361 and 12932.
53
Calculate the highest common divisor of 161386 and 297153.
137
What is the greatest common factor of 3900 and 23840050?
650
Calculate the highest common factor of 1196672 and 5232.
16
What is the highest common divisor of 49220 and 515740?
2140
What is the greatest common factor of 117827 and 9193?
29
Calculate the highest common factor of 10070867 and 9535.
1907
Calculate the highest common factor of 1044 and 6288.
12
What is the greatest common factor of 675136000 and 1386?
154
Calculate the greatest common factor of 128093149 and 39109.
5587
Calculate the highest common factor of 96 and 37851.
3
What is the highest common factor of 446914 and 20?
2
What is the greatest common factor of 167024 and 1077648?
2288
Calculate the highest common factor of 4672 and 1810327.
73
What is the greatest common factor of 4196746 and 17286?
134
What is the highest common divisor of 147 and 41477079?
147
What is the highest common divisor of 3640 and 1728259?
13
Calculate the greatest common divisor of 24068 and 25657582.
1094
What is the highest common divisor of 6 and 208705?
1
What is the highest common divisor of 4727 and 6649961?
29
Calculate the greatest common divisor of 24471 and 1773.
9
What is the highest common divisor of 37871190 and 15?
15
Calculate the greatest common divisor of 27829890 and 3762.
198
What is the highest common divisor of 11296 and 74832?
16
What is the highest common divisor of 66771 and 173367?
27
What is the greatest common factor of 107275 and 15190?
35
What is the highest common factor of 3005487 and 4190?
419
What is the greatest common divisor of 8956545 and 37674?
897
What is the highest common divisor of 5027070 and 153?
51
Calculate the greatest common divisor of 17 and 294758767.
17
Calculate the highest common divisor of 1834 and 4291.
7
Calculate the highest common divisor of 25522 and 24333404.
3646
What is the greatest common factor of 52517034 and 38?
2
What is the highest common divisor of 40 and 821185?
5
Calculate the greatest common divisor of 784 and 1908088.
56
Calculate the highest common factor of 8340 and 47220.
60
Calculate the greatest common divisor of 1303 and 3011233.
1303
Calculate the highest common divisor of 495611325 and 2079.
297
What is the highest common divisor of 4370212 and 1260794?
4054
What is the highest common divisor of 469769950 and 325?
325
Calculate the highest common divisor of 14168 and 265034.
154
Calculate the highest common divisor of 623 and 2785447.
7
What is the greatest common factor of 8 and 1313194?
2
Calculate the highest common divisor of 38256 and 23584.
16
Calculate the greatest common divisor of 3480 and 285312.
24
Calculate the highest common divisor of 14898 and 197112.
1146
Calculate the highest common factor of 940 and 230920.
20
What is the greatest common factor of 8022057 and 441915?
5199
What is the highest common factor of 85 and 277684256?
17
Calculate the greatest common factor of 1030 and 2754838.
206
What is the highest common divisor of 21053417 and 1925?
77
What is the greatest common factor of 13451125 and 12625?
125
Calculate the highest common divisor of 61039888 and 9800.
392
Calculate the greatest common divisor of 440998 and 1062082.
1418
Calculate the highest common divisor of 10788 and 1798248.
372
What is the highest common divisor of 90 and 19272285?
45
Calculate the greatest common factor of 39492599 and 2218.
1109
What is the highest common divisor of 30 and 25096215?
15
What is the greatest common factor of 123088 and 315119?
49
Calculate the highest common divisor of 1340 and 55847716.
268
Calculate the greatest common factor of 242975551 and 28.
7
Calculate the greatest common divisor of 32868 and 187396.
44
What is the highest common factor of 372568 and 72408?
56
What is the highest common divisor of 108299 and 10092296?
2927
What is the highest common divisor of 975 and 1373710?
65
What is the greatest common factor of 66 and 2222814?
66
Calculate the greatest common divisor of 6580657 and 872.
109
Calculate the greatest common factor of 83463839 and 263.
263
Calculate the highest common factor of 360 and 20949480.
360
Calculate the greatest common factor of 42 and 337249521.
21
What is the highest common factor of 52 and 343627271?
13
Calculate the greatest common divisor of 52 and 7336173.
13
What is the greatest common divisor of 7019701 and 24669?
2741
Calculate the highest common factor of 272 and 2883984.
16
Calculate the highest common factor of 4655 and 276108.
133
Calculate the greatest common divisor of 604 and 470431138.
302
Calculate the highest common factor of 96292 and 139916.
532
Calculate the greatest common factor of 1496 and 6068898.
374
Calculate the greatest common divisor of 766 and 21366038.
766
What is the highest common divisor of 23568 and 1436208?
48
Calculate the greatest common divisor of 1872 and 1055161536.
624
Calculate the highest common divisor of 399386 and 7982.
26
What is the greatest common divisor of 4884120 and 440?
40
What is the highest common divisor of 67832 and 14767360?
1112
Calculate the greatest common factor of 805414 and 138.
46
Calculate the highest common factor of 125430 and 12339600.
3390
Calculate the highest common factor of 1159 and 344831.
19
What is the greatest common divisor of 1352240894 and 1054?
1054
What is the greatest common factor of 33 and 15054243?
3
What is the highest common factor of 287922 and 18757812?
6126
What is the greatest common divisor of 155363 and 189601?
323
Calculate the greatest common divisor of 1277088 and 2900160.
5088
What is the greatest common divisor of 1429021 and 129096?
1793
Calculate the greatest common divisor of 234 and 75729771.
117
Calculate the highest common divisor of 57566 and 2690.
538
Calculate the greatest common factor of 77400 and 4221912.
1032
Calculate the highest common factor of 63247806 and 450.
18
What is the greatest common factor of 723405 and 765165?
435
What is the greatest common factor of 1724218 and 23?
23
What is the greatest common divisor of 1233805 and 6985?
635
What is the greatest common factor of 14385135 and 15?
15
Calculate the highest common divisor of 5517264 and 822.
822
What is the greatest common divisor of 6080 and 2746160?
80
Calculate the highest common factor of 1867992 and 336.
168
Calculate the greatest common divisor of 1618795 and 35.
5
Calculate the greatest common divisor of 113508 and 615546.
54
Calculate the highest common divisor of 22373129 and 2.
1
What is the highest common factor of 10365 and 34545?
15
What is the highest common divisor of 126171 and 3510?
27
What is 